
-1130010 (base 4) to base 8
-13404
Convert -111441 (base 5) to base 13.
-1a85
-1b3 (base 15) to base 7
-1101
-297 (base 15) to base 7
-1504
Convert -1032 (base 6) to base 16.
-ec
What is 42074 (base 9) in base 8?
66171
Convert 101010000000100 (base 2) to base 15.
658d
Convert 6176 (base 14) to base 13.
7827
What is 56d (base 15) in base 3?
1200111
Convert -3201202 (base 4) to base 9.
-21717
1a2f (base 16) to base 8
15057
-ad9 (base 16) to base 4
-223121
Convert 224 (base 12) to base 5.
2231
What is 1514 (base 6) in base 13?
253
Convert 1141114 (base 5) to base 13.
998b
Convert -a8 (base 15) to base 13.
-c2
Convert -120502 (base 6) to base 4.
-2210312
Convert -317a (base 14) to base 8.
-20530
What is 38 (base 15) in base 5?
203
What is -211110 (base 4) in base 6?
-15020
What is 28b6b (base 13) in base 11?
52649
Convert -1413 (base 7) to base 3.
-202100
Convert -141 (base 12) to base 14.
-db
102120002 (base 3) to base 14
30dc
What is -300b (base 14) in base 9?
-12268
568 (base 9) to base 15
212
Convert 3514 (base 16) to base 5.
413323
Convert a7ca (base 13) to base 12.
115b3
Convert 123 (base 11) to base 6.
402
2213001 (base 5) to base 14
10061
What is 5d5 (base 14) in base 15?
52c
What is -13122 (base 5) in base 12?
-725
Convert 5287 (base 14) to base 2.
11011110010111
-33022 (base 4) to base 16
-3ca
What is 635 (base 14) in base 13?
731
Convert 1306 (base 7) to base 9.
611
What is 6891 (base 15) in base 3?
1010102201
Convert -7c6 (base 13) to base 6.
-10121
What is 901 (base 11) in base 8?
2102
-599b (base 16) to base 6
-254111
Convert -1a62 (base 12) to base 7.
-12311
What is -7117 (base 12) in base 13?
-5770
4ab3 (base 15) to base 2
11111000101110
21011 (base 8) to base 12
5061
3928 (base 10) to base 14
1608
Convert 219 (base 16) to base 14.
2a5
Convert 483 (base 11) to base 5.
4300
Convert 1415 (base 6) to base 3.
111202
Convert -14 (base 8) to base 5.
-22
-1182 (base 11) to base 2
-11000000110
-a74 (base 13) to base 5
-24120
What is -190b (base 15) in base 7?
-21530
-147a (base 12) to base 13
-1126
Convert -1006 (base 10) to base 15.
-471
165 (base 9) to base 8
214
Convert 25091 (base 10) to base 13.
b561
Convert 45413 (base 8) to base 14.
7003
30464 (base 9) to base 8
47141
What is 1370 (base 14) in base 13?
173b
Convert -96b3 (base 12) to base 4.
-10002213
What is 11423 (base 5) in base 15?
3c8
What is -100101101110111 (base 2) in base 5?
-1104234
Convert -310 (base 6) to base 5.
-424
What is -270 (base 15) in base 12?
-3a3
Convert -2323 (base 7) to base 9.
-1144
What is -3d8 (base 15) in base 3?
-1012112
Convert -34253 (base 10) to base 14.
-c6a9
Convert -13c9 (base 13) to base 9.
-3837
Convert 58808 (base 9) to base 7.
222362
-4a3 (base 13) to base 6
-3425
Convert -374c (base 15) to base 4.
-2313330
What is -1130001 (base 4) in base 9?
-8063
What is -555 (base 9) in base 7?
-1220
10250 (base 7) to base 4
213212
What is -23b0 (base 13) in base 5?
-130134
Convert 100101100100101 (base 2) to base 10.
19237
Convert 51 (base 11) to base 7.
110
-2083 (base 10) to base 13
-c43
What is -8287 (base 12) in base 5?
-423330
What is -12b7 (base 14) in base 3?
-11112010
Convert -10210 (base 4) to base 10.
-292
Convert -7288 (base 12) to base 7.
-51260
Convert 99c (base 13) to base 9.
2233
What is 34692 (base 10) in base 2?
1000011110000100
What is 1022122210 (base 3) in base 4?
12112023
Convert 23012 (base 7) to base 16.
16d0
560 (base 7) to base 6
1155
Convert -31201120 (base 4) to base 8.
-154130
What is 540 (base 6) in base 2?
11001100
2121223 (base 4) to base 2
10011001101011
What is 2744 (base 8) in base 11?
1151
-1010001001101 (base 2) to base 7
-21103
Convert 1314 (base 11) to base 14.
8a1
Convert -1110010001110 (base 2) to base 8.
-16216
What is c (base 13) in base 15?
c
Convert 276 (base 11) to base 9.
401
Convert -2581c (base 13) to base 10.
-69484
Convert 66433 (base 7) to base 5.
1013214
Convert -185a5 (base 14) to base 13.
-21cb3
What is -2357 (base 8) in base 13?
-762
Convert -412 (base 9) to base 2.
-101001111
What is 42736 (base 8) in base 6?
214450
Convert 66 (base 13) to base 4.
1110
What is 19515 (base 10) in base 2?
100110000111011
What is 1459 (base 12) in base 5?
33443
What is 589 (base 10) in base 16?
24d
Convert -28b (base 13) to base 15.
-203
5880 (base 11) to base 8
17037
-1002 (base 10) to base 12
-6b6
Convert 15c40 (base 16) to base 6.
1524424
What is -a4 (base 12) in base 6?
-324
Convert 76b (base 15) to base 13.
9bc
-1206 (base 9) to base 14
-481
9a2 (base 11) to base 14
61b
-11211202 (base 3) to base 8
-6712
4041 (base 9) to base 10
2953
3573 (base 10) to base 7
13263
What is -7456 (base 8) in base 12?
-22ba
What is 47647 (base 8) in base 16?
4fa7
Convert -211212 (base 3) to base 5.
-4432
What is 28940 (base 12) in base 8?
156500
15a7 (base 12) to base 8
5017
Convert 5422 (base 7) to base 8.
3607
Convert 1001001000000000 (base 2) to base 7.
213653
645 (base 7) to base 8
507
590 (base 14) to base 7
3140
-235053 (base 6) to base 9
-31166
-10110001011101 (base 2) to base 14
-41d3
What is -1050 (base 6) in base 2?
-11110110
-6b6 (base 14) to base 2
-10100111000
What is 3b3a (base 16) in base 14?
5750
-61106 (base 7) to base 9
-22268
Convert 2643 (base 10) to base 4.
221103
-102130 (base 8) to base 10
-33880
120 (base 16) to base 15
143
What is 274 (base 13) in base 5?
3213
What is -502230 (base 6) in base 10?
-39402
What is -2341 (base 7) in base 12?
-5ba
Convert 21101 (base 3) to base 15.
d4
17156 (base 9) to base 16
2e14
40 (base 7) to base 9
31
-11010111100011 (base 2) to base 4
-3113203
What is -79c (base 15) in base 4?
-122322
What is -b1f (base 16) in base 6?
-21103
Convert -2252b (base 12) to base 10.
-45683
What is -471d (base 14) in base 9?
-17870
20233101 (base 4) to base 11
2498a
6825 (base 16) to base 3
1100120110
Convert -160542 (base 8) to base 11.
-3a393
396 (base 11) to base 12
330
-1032 (base 7) to base 13
-222
What is -3424 (base 6) in base 2?
-1100101000
Convert -19765 (base 10) to base 3.
-1000010001
What is 50c (base 14) in base 4?
33200
What is 1625 (base 9) in base 7?
3416
Convert -41b3 (base 12) to base 14.
-2899
Convert 6153 (base 7) to base 16.
861
1163a (base 14) to base 8
122624
-10024 (base 8) to base 14
-1700
What is -2a6 (base 15) in base 9?
-743
-506 (base 11) to base 4
-21203
What is -51 (base 8) in base 11?
-38
-200 (base 7) to base 2
-1100010
Convert -1887 (base 9) to base 4.
-112300
What is -2232 (base 14) in base 9?
-8112
Convert -163 (base 11) to base 2.
-10111110
What is 7573 (base 10) in base 2?
1110110010101
What is 24263 (base 10) in base 11?
17258
What is 22a (base 12) in base 15?
167
-983 (base 10) to base 3
-1100102
292 (base 16) to base 2
1010010010
What is 4369 (base 16) in base 13?
7b16
142 (base 7) to base 16
4f
-212020 (base 3) to base 10
-627
What is -1a48 (base 12) in base 9?
-4372
-104822 (base 9) to base 11
-4306a
Convert -46644 (base 9) to base 13.
-11239
-5329 (base 13) to base 6
-125211
What is 94c (base 16) in base 9?
3234
Convert -241 (base 9) to base 5.
-1244
What is 444 (base 14) in base 8?
1514
Convert 77472 (base 8) to base 2.
111111100111010
23102 (base 4) to base 16
2d2
-131 (base 15) to base 12
-1a7
-25625 (base 9) to base 6
-211552
What is -40a (base 16) in base 10?
-1034
Convert -41352 (base 6) to base 7.
-22103
Convert -31607 (base 9) to base 5.
-1132110
Convert -11102 (base 6) to base 15.
-6d5
4922 (base 14) to base 6
135042
Convert 2400042 (base 5) to base 16.
aafc
Convert 28860 (base 10) to base 8.
70274
What is -106a (base 16) in base 6?
-31242
-6830 (base 10) to base 2
-1101010101110
Convert a207 (base 13) to base 16.
572b
-180 (base 12) to base 13
-156
-908a (base 13) to base 9
-30246
What is -1332 (base 5) in base 12?
-161
5269 (base 11) to base 13
3234
Convert -442 (base 14) to base 11.
-6a6
Convert 10011011101 (base 2) to base 15.
580
What is -13540 (base 10) in base 13?
-6217
5155 (base 9) to base 10
3776
What is -6579 (base 10) in base 16?
-19b3
Convert 1122021102 (base 3) to base 9.
48242
8d (base 14) to base 4
1331
2264 (base 13) to base 9
6538
What is -2205 (base 9) in base 3?
-2020012
Convert 12121222 (base 3) to base 10.
4103
What is 27aab (base 12) in base 13?
1c136
What is 2523 (base 6) in base 8?
1163
Convert -8806 (base 9) to bas